when v(-1) is divided by 15.
13
Let t = 1 - -23. Let l(u) = 8*u - 3. What is the remainder when t is divided by l(2)?
11
Let l be (183/(-12))/(5/(-20)). Suppose -v = -l - 34. What is the remainder when v is divided by 24?
23
Let f(j) = 8*j - 9. Let w be (-9)/36 - (-42)/8. Calculate the remainder when f(w) is divided by 8.
7
Suppose 2*z = -2*z + w - 160, 0 = -3*w - 12. Let g = 84 + z. Suppose -5*t + g = -32. Calculate the remainder when 43 is divided by t.
13
Suppose 2*u + 5*r - 28 = 0, 3*r - 4*r + 47 = 5*u. Calculate the remainder when 10/3*135/18 is divided by u.
7
Let i = -16 - -35. Let z = i - 6. What is the remainder when z is divided by 3?
1
Let s be 6/8 - 9/(-4). Suppose 81 - 18 = s*c - 3*p, 4*p = 3*c - 62. What is the remainder when c is divided by 12?
10
Let u = 31 - 22. Let y = 2 - 0. What is the remainder when u is divided by y?
1
Let x = -15 + 3. Let z = -1 - x. What is the remainder when 20 is divided by z?
9
Suppose -2*s + 0*s - 3*v + 79 = 0, v - 108 = -3*s. Let h be (-315)/(-12) + 2/(-8). Let o = -14 + h. What is the remainder when s is divided by o?
11
Let w(b) = -b + 4. Calculate the remainder when 7 - -41 - (-2 - 1) is divided by w(-9).
12
Suppose -2*c - 2*t + 14 = 0, -2*t = 3*c - 12 - 4. Suppose c*w + 60 = 5*w. What is the remainder when 37 is divided by w?
17
Let c = 2 + -2. Let v(q) = q**3 + 8*q**2 - 4. Let r be v(-8). Let f = c - r. Calculate the remainder when 10 is divided by f.
2
Suppose 3*x - 6 = x. Suppose 17 = 4*n - x*n. Suppose -4*g + 0*g - p + 201 = 0, -3*p = -3. What is the remainder when g is divided by n?
16
Suppose 7 = z - 2. What is the remainder when z is divided by 6/5*(7 + -2)?
3
Let h = -13 - -30. Suppose 5*t - 6*t - 16 = 4*f, t + 7 = -f. Let i = f + 8. Calculate the remainder when h is divided by i.
2
Let m(o) = 4*o**2 + o + 4. Calculate the remainder when m(3) is divided by 12.
7
Suppose -2*i = 3*i. Suppose -k + 17 - 5 = i. Let x(v) = 13*v - 18. Calculate the remainder when x(4) is divided by k.
10
Let l(p) = -8 + 8 - 7 - 10*p. What is the remainder when l(-3) is divided by 8?
7
What is the remainder when 46/((-1 - -1) + (-4)/(-10)) is divided by 29?
28
Let g = 5 - -5. Calculate the remainder when (-5)/(-3)*21 + 3 is divided by g.
8
Let i(a) = 2*a + 1. Let l(u) = 2*u**2 - u. What is the remainder when i(5) is divided by l(2)?
5
Let d(r) = r**3 + 8*r**2 - 6*r - 2. Let u be d(-8). Calculate the remainder when 15/10 - u/(-4) is divided by 5.
3
Let k(c) = -c**3 + 7*c**2 + c - 6. Calculate the remainder when k(6) is divided by 13.
10
Let b = 4 + -2. What is the remainder when (-8)/(-20) + 16/10 is divided by b?
0
What is the remainder when 102/(-54)*-6*(-6)/(-4) is divided by ((-6)/(-4))/((-3)/(-6))?
2
Let m(y) = -22*y - 3. Calculate the remainder when m(-3) is divided by 0/3 - -1*16.
15
Let p = -34 - -61. Let g = 3 + 4. What is the remainder when p is divided by g?
6
Suppose 2*o + 19 = 3*s, -o = s + o - 1. Suppose y - 5*n - 10 = s, -3*n = -2*y + 51. Suppose 8*v = 3*v + y. What is the remainder when 17 is divided by v?
5
Let z = 109 - 69. What is the remainder when 157 is divided by z?
37
Suppose -r = r - 26. What is the remainder when 23 is divided by r?
10
Let c = 137 + -114. Calculate the remainder when 51 is divided by c.
5
Let b(w) = w**2 + w. What is the remainder when 118 is divided by b(-5)?
18
Let f be 411/(2 - 5)*2. Calculate the remainder when 3/5 + f/(-10) is divided by 10.
8
Suppose 0*y + y - 21 = 5*p, 0 = y + 4*p - 12. Suppose y + 26 = 3*z. What is the remainder when (-160)/(-6) - (-2)/6 is divided by z?
13
Let b(y) = -y**2 - 14*y + 5. Let f = -6 + -5. Calculate the remainder when b(f) is divided by 20.
18
Let k(l) = -l**2 + l - 5. Let d be k(-4). Let b = 44 + d. What is the remainder when 75 is divided by b?
18
Let w = 21 - 18. What is the remainder when w is divided by 3?
0
Suppose 2*g - 63 = 15. What is the remainder when 114 is divided by g?
36
Suppose -4*m + 18 = 2. Suppose p = -0*p, 0 = -4*h + p + m. What is the remainder when h is divided by 1?
0
Let j(r) = r**3 - 3*r**2 + 1. Calculate the remainder when 1 is divided by j(3).
0
Let w(a) = a**3 - 3*a**2 - a. Calculate the remainder when 15/10 - 82/(-4) is divided by w(4).
10
Let j(m) = m**2 + 2*m - 3. Let f be j(2). Suppose 35 = 2*a + f*c, -3*a - 2*c + 20 = -16. What is the remainder when 28 is divided by a?
8
Suppose k - 5*t - 4 = 2*k, 6 = 2*k + 3*t. Calculate the remainder when ((-18)/4)/((-3)/6) is divided by k.
3
Suppose -3*c + 32 = -4*b, b - 2 + 19 = 3*c. Suppose 1 - c = -k. Calculate the remainder when 16 is divided by k.
1
Suppose 6*i = 2*i + 32. Suppose -g + 2 + 6 = 0. Let y = g + -3. Calculate the remainder when i is divided by y.
3
Suppose 2*n - 2*h - 162 = 0, -3*h = n - 61 - 24. What is the remainder when n is divided by 21?
19
Let b(h) = h + 11. What is the remainder when 6 is divided by b(-7)?
2
Let c(s) = s**2 - 3*s + 2. Calculate the remainder when 9 is divided by c(3).
1
Suppose 5*a + 45 = 5. Let d = 10 + a. Suppose 6 = 4*s - 6, 0 = -3*k + d*s + 6. Calculate the remainder when 14 is divided by k.
2
Suppose -3*l = -b - 67, -5*l + 24 = -b - 85. Calculate the remainder when l is divided by (-70)/(-6) - 2/(-6).
9
Let b be (9 - (4 + -2))/(-1). Let z = -14 + b. What is the remainder when 19 is divided by (z/6)/(1/(-2))?
5
Suppose -4*u + 4*d - 10 = -2*u, -2*d - 13 = 5*u. What is the remainder when 3 is divided by u/((-2)/(4/3))?
1
Suppose 5 = -n + 2*d + 4, 0 = -n + 5*d - 13. Suppose 0 = 4*f - n*f + 30. Calculate the remainder when (-8)/(16/(-7) + 2) is divided by f.
8
Suppose v + 4 = 2*v. Suppose 0 = -4*u - v*k - k + 96, 0 = -2*u - 4*k + 54. Calculate the remainder when 73 is divided by u.
16
Let u(w) = -2*w + 1. Let x be u(-3). Let i = x - -19. Calculate the remainder when 49 is divided by i.
23
Let l(g) = -g + 21. Calculate the remainder when 68 is divided by l(-3).
20
Suppose 5*s - 250 = -q - 2*q, 2*s - 100 = 5*q. Suppose c = s - 18. Suppose 0 = -z + 21 - 4. Calculate the remainder when c is divided by z.
15
Let t = 40 + -18. What is the remainder when t is divided by 5?
2
What is the remainder when 20 is divided by 1/7 + (-240)/(-35)?
6
Let s = 4 - 3. Suppose 0 = -5*r + 3 + 7. Calculate the remainder when s/5 - 9/(-5) is divided by r.
0
Let p = 29 - 14. Calculate the remainder when (12/4 + 1)*11 is divided by p.
14
Let b = 33 + -19. Suppose -3 = 4*z - 15. What is the remainder when b is divided by z?
2
Calculate the remainder when (3/2)/(1/4) is divided by ((12/6)/((-2)/4))/(-2).
0
Let k(d) = -2*d**3 - 8*d**2 - 9*d - 3. What is the remainder when k(-4) is divided by 6?
3
Let q(t) = -t**2 + 15*t - 5. Let m be 13 + 0 + 1 + -2. Calculate the remainder when q(m) is divided by 11.
9
Let m be -2 - (26 - (-5 - -3)). Let w = 66 + m. What is the remainder when w is divided by 13?
10
Let n(y) = y**3 + 7*y**2 + 6*y + 4. What is the remainder when 70 is divided by n(-5)?
22
Let x(i) = -3*i - 3. Let w be x(-2). Suppose 0 = -w*t - 2*t + 200. Calculate the remainder when t is divided by 14.
12
Let m(q) = q**2 - 4*q - 2. Let o be m(5). Suppose -o*g - 12 = -7*g. Suppose 0*x = g*x - 153. Calculate the remainder when x is divided by 13.
12
Let b(f) = -f**3 + 10*f**2 - 8*f + 7. Calculate the remainder when 62 is divided by b(9).
14
Let c(p) = -2 + 3 - 1 + 13*p. Let d = 34 + -9. Calculate the remainder when d is divided by c(1).
12
Let z(k) = -k**2 + 3*k + 197. Calculate the remainder when z(0) is divided by 33.
32
Let h = 106 - 88. Calculate the remainder when h is divided by 2.
0
Suppose -3*r + 5*k = -43, -4*k = 5*r - 2*k - 113. Calculate the remainder when r is divided by 6.
3
Let q(z) = -z**2 - 7*z + 8. Let h be q(-7). Let f = -20 + 17. What is the remainder when (3 + f)/(-3) + h is divided by 5?
3
Suppose -40 = -3*h + 2*c, 5*h - c = -0*c + 55. Let o = 8 + -6. What is the remainder when (-2)/h - (-52)/10 is divided by o?
1
Suppose -2*n + n = -3*k + 15, 5*k + n = 17. What is the remainder when 19 is divided by k?
3
Let x be 4/(-2) + 4 + -1. Let y = 14 + x. Calculate the remainder when 27 is divided by y.
12
Let r(x) = x + 8. Let b(w) = w**3 - 3*w**2 + 2*w. Let d be b(4). Suppose -4*y = -y - d. What is the remainder when r(7) is divided by y?
7
Let b be (-76)/(-3 - 1)*-1. Let v = b + 35. What is the remainder when 61 is divided by v?
13
Sup